base 11, what is 15 + -1533?
-1519
In base 3, what is -1 + -1021?
-1022
In base 11, what is -4 - a7?
-100
In base 2, what is 10000100 + -100?
10000000
In base 8, what is 1 - 2342?
-2341
In base 10, what is 5 + 54?
59
In base 15, what is -13 + 9c?
89
In base 12, what is 0 - -354?
354
In base 7, what is -242 + -6?
-251
In base 13, what is 3 + 47?
4a
In base 11, what is -4 + -4?
-8
In base 3, what is 1 - 1101111?
-1101110
In base 5, what is -11 + 3240?
3224
In base 9, what is 358 - -3?
362
In base 4, what is -3331 + -200?
-10131
In base 15, what is 5 - 3a8?
-3a3
In base 7, what is -12 - 1112?
-1124
In base 2, what is 10101 - 10010100?
-1111111
In base 4, what is 1110 + -32?
1012
In base 15, what is 4 + 166e?
1673
In base 9, what is 1523 - -3?
1526
In base 11, what is -7 + 36?
2a
In base 6, what is -313 - -211?
-102
In base 3, what is -211 + 11?
-200
In base 5, what is 43 + 344?
442
In base 13, what is 47 + -287?
-240
In base 6, what is 2353 + 4?
2401
In base 15, what is 5 - -113?
118
In base 14, what is -55 + 12?
-43
In base 13, what is 2 - 119?
-117
In base 16, what is 1da - 6?
1d4
In base 4, what is 12 - 11220?
-11202
In base 16, what is 25 + 6b?
90
In base 9, what is -1 - 873?
-874
In base 13, what is 68 + -7?
61
In base 8, what is -330 + -21?
-351
In base 15, what is -32 + -2?
-34
In base 8, what is -5325 + -1?
-5326
In base 7, what is -420 + -1?
-421
In base 12, what is 190 + -3?
189
In base 12, what is -38 + 2?
-36
In base 8, what is 10 + 357?
367
In base 5, what is 2 - 104043?
-104041
In base 13, what is 1 - 14?
-13
In base 7, what is 5542 - 5?
5534
In base 13, what is 0 + 8c4?
8c4
In base 12, what is 146 + -1?
145
In base 11, what is 29 - 21?
8
In base 13, what is -1 - 22?
-23
In base 9, what is -10 + -21?
-31
In base 16, what is -14b - 5?
-150
In base 5, what is -130 - -1102?
422
In base 14, what is -13 + -48b?
-4a0
In base 2, what is -11010100 - 1?
-11010101
In base 13, what is -29 + -13?
-3c
In base 14, what is 237 - -1?
238
In base 7, what is -103 + 11?
-62
In base 4, what is -2133 - 0?
-2133
In base 15, what is -24d + 4?
-249
In base 5, what is -32334 + 3?
-32331
In base 14, what is -1b - 5c?
-79
In base 7, what is -13 + 416?
403
In base 15, what is 21c9 - -2?
21cb
In base 2, what is 110 - -1010010?
1011000
In base 4, what is -2133 - 0?
-2133
In base 9, what is 350 + -5?
344
In base 6, what is -45 + 1?
-44
In base 4, what is -1030 - -11?
-1013
In base 7, what is 11512 + 1?
11513
In base 6, what is 104250 + 0?
104250
In base 9, what is -5 + -101?
-106
In base 9, what is -462 + 22?
-440
In base 8, what is -2 + 14?
12
In base 6, what is 1535 - -143?
2122
In base 6, what is 142 + 20?
202
In base 3, what is -12211 + -10?
-12221
In base 6, what is -3 - -134?
131
In base 3, what is -10 - 211?
-221
In base 6, what is 20401 - 5?
20352
In base 15, what is -4 + 51?
4c
In base 9, what is -1 - -68?
67
In base 3, what is 1000 - -2?
1002
In base 9, what is 2 + 3740?
3742
In base 7, what is 52 - 53?
-1
In base 11, what is -4a + -1?
-50
In base 6, what is 5 - -5541?
5550
In base 14, what is 818 + -5?
813
In base 7, what is -2616 - -12?
-2604
In base 5, what is -2 + 241?
234
In base 13, what is -4 + 3?
-1
In base 8, what is -60 - -1?
-57
In base 4, what is 0 - -1131323?
1131323
In base 7, what is -11 + -10364?
-10405
In base 11, what is 0 - 33?
-33
In base 8, what is 6214 - 0?
6214
In base 4, what is -11 + -33?
-110
In base 10, what is -4 - 139?
-143
In base 8, what is -12 + -105?
-117
In base 4, what is 111 - 12030?
-11313
In base 3, what is -102200 + 2?
-102121
In base 6, what is -11 - -440?
425
In base 2, what is -1010101001 - 101?
-1010101110
In base 2, what is -1011 + 10011100011?
10011011000
In base 9, what is 2 - 482?
-480
In base 13, what is 3 + 2c?
32
In base 10, what is -197 + 33?
-164
In base 9, what is -2 - -135?
133
In base 3, what is -2 - -1110?
1101
In base 13, what is 6 + 22?
28
In base 7, what is 3 + 2110?
2113
In base 2, what is -101 - -110010110?
110010001
In base 14, what is 27 + -4?
23
In base 6, what is 0 + -341?
-341
In base 7, what is -113 + 16?
-64
In base 8, what is -5 + -261?
-266
In base 15, what is -26d - -3?
-26a
In base 6, what is -1 + -10?
-11
In base 13, what is -22 - -a?
-15
In base 4, what is 12 - 203?
-131
In base 11, what is -47 + -4?
-50
In base 12, what is -29 + -118?
-145
In base 12, what is 9 - -69?
76
In base 12, what is -2 + -327?
-329
In base 13, what is 4 + -986?
-982
In base 14, what is -32 - a?
-3c
In base 12, what is -3 - 531?
-534
In base 9, what is -4 + 31?
26
In base 2, what is 11010000 - 11?
11001101
In base 2, what is -100101100100 - 1?
-100101100101
In base 5, what is 110114 - 1?
110113
In base 16, what is 4 + -11?
-d
In base 9, what is -561 + -3?
-564
In base 11, what is 9 + -137?
-129
In base 10, what is -4 - 74?
-78
In base 14, what is 0 + 21?
21
In base 16, what is 81 + b8?
139
In base 11, what is -a39 + 4?
-a35
In base 9, what is 5 + 76?
82
In base 6, what is -422 - -3?
-415
In base 5, what is -2303 + 0?
-2303
In base 11, what is 10 + 29?
39
In base 3, what is -12110 + 220?
-11120
In base 9, what is 26 + -5?
21
In base 10, what is -5 + -47?
-52
In base 7, what is -5 - -2210?
2202
In base 11, what is 4 - -32?
36
In base 16, what is -a + -f?
-19
In base 2, what is -10 + -1100110001?
-1100110011
In base 3, what is -210 + 102?
-101
In base 13, what is 5 - -34?
39
In base 8, what is -63 - -5?
-56
In base 16, what is 0 + -2?
-2
In base 6, what is 121 - -2?
123
In base 7, what is 246 + 3?
252
In base 11, what is -180 + 6?
-175
In base 13, what is -8 - 0?
-8
In base 15, what is b7 - 7?
b0
In base 15, what is 177 - 5?
172
In base 14, what is 76 - 91?
-19
In base 5, what is -3 - -2?
-1
In base 7, what is 32 + -1644?
-1612
In base 11, what is -60 + -4?
-64
In base 3, what is -1002111 + -12?
-1002200
In base 3, what is 0 + 10202?
10202
In base 6, what is -5 - -2034?
2025
In base 3, what is -11011 + 0?
-11011
In base 14, what is -18 - 13?
-2b
In base 13, what is -9 - 52?
-5b
In base 3, what is 1222 + -20221?
-11222
In base 14, what is -2 - -7a?
78
In base 12, what is 46 + -5?
41
In base 15, what is 26 - 14?
12
In base 15, what is -221 + -11?
-232
In base 12, what is 5 - 20b?
-206
In base 16, what is -2ad + -a?
-2b7
In base 8, what is -21 - -6?
-13
In base 11, what is -4 + aa?
a6
In base 15, what is -1 - 18?
-19
In base 16, what is -13 + d?
-6
In base 2, what is -101 + 10010111?
10010010
In base 11, what is -377 - 0?
-377
In base 15, what is 0 - -12?
12
In base 16, what is 4 + -175?
-171
In base 10, what is 1 - -41?
42
In base 6, what is -440154 + 0?
-440154
In base 2, what is -1 - 111?
-1000
In base 3, what is 1220 + -11?
1202
In base 7, what is -10335 + -4?
-10342
In base 9, what is 6 - 1030?
-1023
In base 13, what is 7 + -2c?
-25
In base 10, what is 11518 - 3?
11515
In base 9, what is 264 - 170?
84
In base 15, what is -26c + -1?
-26d
In base 4, what is -1102 + -3320?
-11022
In base 6, what is 2053 - 12?
2041
In base 12, what is 4 - -150?
154
In base 7, what is 11 - -3?
14
In base 4, what is 32311 - -10?
32321
In base 2, what is -110 - 100101?
-101011
In base 3, what is 1101110 - 10?
1101100
In base 10, what is -2 - -12?
10
In base 2, what is -10 + -10001010?
-10001100
In base 9, what is -5 + -487?
-503
In base 14, what is -7 + 14c?
145
In base 4, what is -13 - 1102?
-1121
In base 6, what is -41 - -152?
111
In base 11, what is 2 + -43?
-41
In base 9, what is -5 + -2544?
-2550
In base 5, what is 2 - 102222?
-102220
In base 7, what is -316 + 4?
-312
In base 13, what is -138 - 2?
-13a
In base 2, what is 11010000 + -10101?
10111011
In base 14, what is a4 + a?
b0
In base 8, what is 3 + 501?
504
In base 13, what is -a9 + 5?
-a4
In base 12, what is -8 - -2?
-6
In base 8, what is 1 + -104?
-103
In base 8, what is 13 + 1561?
1574
In base 13, what is -a + -10?
-1a
In base 16, what is -1 - -7a8?
7a7
In base 15, what is -4c + -11?
-5d
In base 6, what is -1005 + -2?
-1011
In base 6, what is -331 - -10?
-321
In base 13, what is 4 - -1b?
22
In base 10, what is 360 - -4?
364
In base 16, what is -11 - 70?
-81
In base 14, what is 71 - -9?
7a
In base 2, what is 0 + -1101001?
-1101001
In base 13, what is -32 - 6?
-38
In base 7, what is 15 + 1?
16
In base 6, what is 40 - 10?
30
In base 6, what is 15 - -522?
541
In base 6